397
Calculate the highest common divisor of 46278 and 918.
54
Calculate the highest common divisor of 7344 and 13059504.
144
Calculate the greatest common factor of 252 and 12728412.
36
Calculate the highest common divisor of 994078974 and 7.
7
What is the greatest common factor of 25859281 and 49?
7
Calculate the highest common divisor of 20258057 and 1.
1
What is the greatest common divisor of 252 and 7009668?
36
Calculate the highest common factor of 4950 and 11342100.
1650
Calculate the highest common factor of 251851864 and 11.
11
Calculate the highest common factor of 440418 and 2024.
22
Calculate the highest common factor of 24378 and 34808199.
717
Calculate the highest common factor of 852085983 and 987.
987
Calculate the highest common factor of 148152 and 3156.
12
Calculate the highest common divisor of 1400732 and 1292.
68
What is the greatest common divisor of 45874423 and 14?
7
Calculate the highest common divisor of 122 and 454222409.
61
Calculate the highest common factor of 306 and 3915306.
18
What is the greatest common factor of 234295600 and 50?
50
What is the highest common divisor of 89980375 and 2246?
1123
Calculate the highest common factor of 10854 and 1483983.
603
Calculate the greatest common factor of 280 and 2166413200.
280
Calculate the highest common factor of 37827 and 29079.
81
Calculate the highest common divisor of 122352706 and 17.
17
What is the greatest common factor of 186201 and 4437?
153
What is the highest common factor of 4708057 and 130138?
2099
What is the greatest common factor of 308 and 56559426?
154
Calculate the greatest common divisor of 70050 and 86862.
2802
Calculate the greatest common divisor of 1451436140 and 385.
385
What is the highest common factor of 13309827 and 4491?
1497
Calculate the highest common divisor of 33 and 177200529.
33
What is the highest common factor of 54 and 1265910?
6
Calculate the greatest common factor of 480225 and 1.
1
Calculate the greatest common factor of 65710165 and 3475.
695
Calculate the highest common divisor of 52023420 and 360.
180
What is the highest common divisor of 4052542 and 11440?
26
Calculate the greatest common factor of 2220264 and 177498.
1026
Calculate the greatest common factor of 78763455 and 26505.
855
Calculate the highest common factor of 28014 and 21991802.
406
What is the greatest common divisor of 17205 and 63085?
5735
Calculate the greatest common divisor of 411 and 28022.
1
What is the greatest common divisor of 336 and 388084560?
48
What is the greatest common divisor of 83 and 2334827433?
83
What is the highest common factor of 12193887 and 90850?
1817
Calculate the highest common factor of 925 and 2677000.
25
Calculate the greatest common factor of 26064367 and 681.
227
Calculate the highest common factor of 1766525 and 90250.
475
What is the greatest common factor of 13270 and 11287462?
2654
Calculate the highest common factor of 368 and 285499.
23
Calculate the greatest common factor of 24114895 and 1995.
665
Calculate the highest common factor of 36211586 and 5968.
746
What is the highest common factor of 26 and 1208627654?
26
Calculate the highest common factor of 569500 and 2000.
500
What is the greatest common divisor of 5176 and 1902827?
647
What is the greatest common divisor of 2361664 and 80?
16
Calculate the highest common factor of 27 and 37978659.
27
Calculate the highest common divisor of 5493935 and 170.
5
What is the greatest common divisor of 8921 and 150898?
11
Calculate the greatest common factor of 931 and 12482456.
49
What is the highest common divisor of 3105 and 439733205?
3105
Calculate the highest common divisor of 443 and 172086894.
443
Calculate the highest common factor of 132657069 and 1734.
867
What is the greatest common divisor of 40 and 33016960?
40
Calculate the greatest common factor of 1832 and 454891783.
229
Calculate the highest common factor of 58485 and 62811.
21
Calculate the highest common factor of 10247750 and 17900.
8950
Calculate the greatest common factor of 1318452 and 6528.
204
Calculate the greatest common divisor of 341565990 and 30.
30
What is the highest common divisor of 1240 and 3313480?
40
What is the highest common factor of 186818630 and 10?
10
What is the greatest common factor of 16128 and 10674?
18
What is the highest common divisor of 835490 and 20?
10
Calculate the greatest common factor of 6479 and 693.
11
What is the highest common factor of 6776988 and 4326?
618
Calculate the greatest common divisor of 36234 and 191283312.
4026
Calculate the highest common factor of 1320 and 40956.
12
What is the highest common divisor of 7 and 357379127?
7
Calculate the highest common divisor of 14460 and 25365.
15
Calculate the greatest common factor of 14139 and 969307.
1571
What is the highest common divisor of 53210529 and 2133?
711
Calculate the highest common divisor of 13200966 and 1818.
18
Calculate the greatest common divisor of 176154 and 2112.
66
Calculate the highest common divisor of 7119 and 2417748.
339
What is the greatest common divisor of 1322422000 and 215?
215
Calculate the highest common divisor of 10296 and 2269773.
99
What is the greatest common divisor of 4315896 and 558792?
2808
Calculate the greatest common factor of 63519880 and 600.
40
What is the highest common divisor of 65 and 16909737?
13
What is the highest common factor of 476 and 5029348?
68
What is the greatest common factor of 90 and 24787710?
90
Calculate the greatest common factor of 22 and 5999070.
22
Calculate the greatest common factor of 233179480 and 1370.
1370
Calculate the highest common divisor of 72 and 8771760.
72
What is the highest common factor of 1207 and 19730166?
17
Calculate the highest common divisor of 6266592 and 1296.
432
Calculate the highest common factor of 6565452 and 12.
12
Calculate the greatest common factor of 3948896 and 7686.
854
Calculate the greatest common factor of 25198650 and 2700.
450
What is the highest common factor of 847 and 290647?
7
What is the highest common divisor of 64740 and 8354580?
780
Calculate the highest common divisor of 851 and 2770442.
23
Calculate the greatest common divisor of 447910 and 2330.
10
Calculate the greatest common divisor of 1235 and 1391975.
65
What is the greatest common divisor of 6381 and 6561?
9
What is the highest common factor of 880730679 and 867?
867
What is the greatest common factor of 13404 and 19473778?
2234
What is the greatest common factor of 9880722 and 285?
57
Calculate the greatest common factor of 169122270 and 112720.
14090
What is the greatest common divisor of 2360 and 1448450?
590
What is the highest common divisor of 207664 and 1744?
16
What is the highest common divisor of 746710 and 26848?
1678
Calculate the highest common divisor of 75145742 and 3182.
74
Calculate the greatest common divisor of 9690 and 9288834.
1938
Calculate the greatest common divisor of 79739 and 3509.
121
Calculate the highest common factor of 3882 and 29714769.
1941
What is the greatest common divisor of 17459 and 3612687?
221
What is the greatest common factor of 880 and 46816?
176
Calculate the greatest common factor of 72 and 35180648.
8
Calculate the greatest common factor of 464797 and 2261.
323
Calculate the greatest common factor of 7008993 and 45.
9
Calculate the greatest common factor of 6751496 and 59115.
563
Calculate the highest common factor of 10918600 and 2970.
110
What is the highest common factor of 86110624 and 288?
32
Calculate the greatest common factor of 7819652 and 2096.
524
Calculate the highest common divisor of 477140 and 2190.
10
What is the highest common divisor of 37078496 and 14?
14
What is the greatest common factor of 296064 and 28736?
64
Calculate the highest common factor of 2547 and 16957077.
849
What is the greatest common divisor of 93341996 and 10153?
781
What is the greatest common divisor of 618060 and 140?
20
Calculate the greatest common divisor of 10897 and 397630.
17
Calculate the highest common factor of 3150 and 2782605.
105
What is the greatest common divisor of 17172 and 16924437?
1431
What is the greatest common divisor of 1881888 and 22092?
12
Calculate the greatest common factor of 734 and 935220.
2
Calculate the highest common factor of 603744 and 28129704.
7944
W